ate the greatest common divisor of z and 19.
19
Let x = -649 + 802. What is the greatest common divisor of 187 and x?
17
Suppose -2*u = -42 - 536. Suppose 2*r = -29 + u. Calculate the highest common factor of r and 52.
26
Let d = 42 - 39. Suppose 2*l = -0*h + d*h - 619, 5*l = -2*h + 438. Calculate the greatest common factor of 19 and h.
19
Suppose 0 = y - 3, -297 = -26*c + 21*c + y. What is the greatest common divisor of 255 and c?
15
Let r be ((-9)/(-5))/(4/20). Suppose n - 40 = -12*o + 13*o, 5*o = 3*n - 110. Calculate the highest common factor of n and r.
9
Suppose -5*j + 57 = 2*p, -3 = 4*p + 13. Suppose -o = o - 130. What is the highest common divisor of j and o?
13
Let i = -1 + -143. Let h = -102 - i. What is the highest common factor of 14 and h?
14
Suppose -5*g + 137 = 107. What is the greatest common factor of g and 18?
6
Let c = 250 - 12. Let t = 334 - c. Let n = -18 - -30. What is the greatest common divisor of n and t?
12
Let l(k) = -8*k + 5. Let s be l(0). Suppose -8 = -s*t + 2. What is the highest common divisor of 7 and t?
1
Let z be (3/(-1))/(2 - -3 - 4). Let s be ((-3)/z)/(3/234). What is the greatest common divisor of 117 and s?
39
Let y be (5 - 4) + 3 + -5. Let c be (10/4)/(y/(-46)). Suppose -4*a + c = -3*a. What is the greatest common factor of a and 23?
23
Let m be (0 - -10)*(-126)/48*-4. Calculate the highest common divisor of m and 15.
15
Let o be 72/(-27)*21/(-2). Calculate the greatest common divisor of 532 and o.
28
Let i(r) = -r**2 - 19*r + 6*r**2 + 18*r. Let o be i(1). Suppose -o*w = 2*f, -f + w + 2*w = -10. Calculate the greatest common factor of f and 2.
2
Let b = -2 - -73. Calculate the highest common factor of b and 284.
71
Let c = 484 - 455. Suppose 0 = y + w - 34, -3*w = -3*y - 50 + 122. Calculate the highest common factor of y and c.
29
Let s(p) = 2*p**2 - 2*p + 24. Let a = 41 + -49. Let u be s(a). What is the greatest common factor of u and 21?
21
Let n = -28 + 97. Let g = -20 + n. What is the greatest common divisor of g and 7?
7
Let k(n) = 32*n**2 - 1. Let x be k(-1). Let g(y) = -59*y. Let h be g(-4). Let d = h - 19. Calculate the highest common factor of x and d.
31
Let k be (-6 - 492/8)/((-3)/4). Let a = 72 - 36. Calculate the greatest common divisor of a and k.
18
Let c(v) = 4*v**2 + 16*v - 46. Let w be c(3). Calculate the greatest common divisor of 1558 and w.
38
Suppose 0 = 5*h - b - 7448, h - 5*b - 1484 = -2*b. Calculate the greatest common factor of 10 and h.
10
Let u(t) = -1 + 56*t - 56*t + 13*t**2. Let n be 20/9 - 2/9. Let c be u(n). What is the highest common factor of 17 and c?
17
Let f(l) = 2*l**2 + 4*l + 3. Let a be f(-2). Suppose -2*g - v + 8 = 0, 0 = -v - v + 8. Calculate the greatest common factor of a and g.
1
Let c(f) = -2*f**2 - 5*f + 7. Let v be c(-5). Let r = -14 - v. Suppose 0 = 2*w + w, 18 = 3*s + r*w. Calculate the greatest common divisor of 48 and s.
6
Let o be 4/(-10) + (146828/(-10))/(-22). What is the greatest common factor of 23 and o?
23
Let q be 1/(6/9)*-2. Let x be 2*(1 - 0) - q. Suppose 5*k = -y - 5, -2*k - 27 = -x*y + 29. Calculate the greatest common divisor of 10 and y.
10
Suppose 10*z + 420 - 1860 = 0. What is the highest common factor of 486 and z?
18
Let f(a) be the first derivative of -a**3/3 - 4*a**2 - 2*a - 5. Let i be f(-6). Let s be 252/i + (-9)/45. Calculate the highest common divisor of 5 and s.
5
Let f(m) = m - 2 + 18 - 6*m**2 + 2*m**3 + m**2 - 3*m**3. Let h be f(-5). Calculate the highest common factor of 121 and h.
11
Suppose 0*a - 4*w - 3 = a, 23 = 5*a + w. Let t be 6/a*30/(-12). Let c be (-1)/t - 357/(-9). What is the greatest common divisor of c and 8?
8
Let y be 4/(32/(-24)) - -172. Calculate the highest common divisor of y and 13.
13
Let u(q) = 36*q - 43. Let n be u(5). Suppose -n = -3*f - 38. What is the greatest common divisor of f and 11?
11
Let i(f) = f + 10. Let s be i(10). Let d = -58 + 62. What is the highest common factor of s and d?
4
Let k be 5 - (-3*10)/(-5). Let x be (k/3)/((22/72)/(-11)). What is the greatest common factor of x and 16?
4
Suppose -o + 12 = -71. Let f = 125 - o. Calculate the greatest common divisor of f and 28.
14
Let j(m) = 6 - 2*m + 2*m + 5*m. Let r be j(-2). Let t = 8 + r. Calculate the highest common factor of t and 16.
4
Let h be (354/6*1)/1. Calculate the greatest common factor of h and 118.
59
Let i be ((-588)/(-112))/(3/44). Calculate the highest common divisor of i and 28.
7
Let x = -20 + 50. What is the greatest common factor of 6 and x?
6
Suppose -5*b - 20 = 0, 3*o - 1315 = 3*b + 101. What is the highest common divisor of 52 and o?
52
Let m(q) = -69*q + 1273. Let d be m(0). What is the highest common divisor of d and 67?
67
Let o(f) = -f**2 + 7*f + 6. Suppose 7*g = 3*g + 84. Let b = -16 + g. Let d be o(b). Calculate the greatest common factor of d and 8.
8
Let b = -152 - -158. What is the highest common divisor of 114 and b?
6
Let k(f) = f**2 + 3*f + 10. Suppose -3*m - 3 - 9 = 0. Let j be k(m). Calculate the greatest common factor of j and 28.
14
Suppose -3*s - s = 0. Suppose 0 = 2*i - s*i - 4*j + 40, -3*i - 60 = 2*j. Let d be (-1)/(-1)*i/(-1). What is the greatest common factor of 50 and d?
10
Suppose 5*r = 5*a - 250, 3*a - 148 = -0*r + 2*r. What is the highest common divisor of 66 and a?
6
Let q be 1*(-3 - (-9)/3). Suppose q = t - 12 - 9. What is the greatest common divisor of 6 and t?
3
Let q = 6 - 12. Let w be ((q/(-8))/((-11)/88))/(-2). What is the highest common divisor of 3 and w?
3
Suppose 0 = 2*l - 112 - 2. Let q be ((-57)/(-4))/(((-132)/(-16))/11). Calculate the highest common factor of l and q.
19
Let a(k) = -48*k + 114. Let p be a(-7). What is the greatest common divisor of p and 50?
50
Suppose -295 = -8*f + 3*f. Let x be 246*(-1 + -3)/(-8). Suppose -3*w = -4*c - x - f, -4*w + 4*c = -244. What is the greatest common divisor of 155 and w?
31
Let y be (-14)/(-14)*(3 - 1). Suppose 5*q = 2*d - 144, -q = -d - y*q + 72. What is the highest common divisor of d and 24?
24
Let o be (-7)/((-14)/76) - (-3 + 3). Calculate the highest common divisor of o and 532.
38
Let w be -4 - (1 - 21/3). Suppose -5*m - w*h + h + 29 = 0, h + 25 = 4*m. Calculate the highest common factor of 24 and m.
6
Let n = 68 - 33. What is the highest common factor of 140 and n?
35
Let t(x) = 8*x**2 - 8*x + 8. Let v(b) = -b**3 - b**2 + 4*b - 1. Let q be v(-3). Let o be t(q). Calculate the highest common factor of o and 24.
24
Let k(a) = -2*a**3 - 18*a**2 - 80*a - 12. Let o be k(-4). What is the highest common divisor of o and 407?
37
Let q be (-10)/(-15)*12/8 + 7. Calculate the highest common factor of q and 64.
8
Let s = 8 - 8. Let z(g) = g**2 + g + 30. Let x be z(s). What is the greatest common factor of 10 and x?
10
Let u(j) = j**3 + 9*j**2 + 3*j - 3. Let y be u(-5). Suppose 4*n - y = 62. What is the greatest common factor of 18 and n?
18
Let y = -280 + 289. What is the highest common factor of y and 36?
9
Let r = -33 - -53. Let u be 1 + r + 1 + -4. Let d(j) = 39*j**2 - j + 4. Let z be d(-2). Calculate the highest common divisor of z and u.
18
Let t = -236 - -128. Let p = t + 228. What is the greatest common divisor of 24 and p?
24
Let d be 18/10 + 4/(-30)*6. Let p be 770/35 - (1*-1 - d). Calculate the highest common factor of p and 168.
24
Let w(l) = 12*l + 2. Let v = 0 + -1. Let f(o) = -o - 1. Let k(h) = v*w(h) - 6*f(h). Let p be k(-4). What is the greatest common factor of 4 and p?
4
Let s be 538/12 - 27/(-162). Let o = s - 18. Calculate the greatest common factor of o and 297.
27
Let g = -1130 - -2380. What is the highest common divisor of g and 20?
10
Let h(c) = -2*c - 6. Let p be h(-6). Suppose 0 = -12*i - 103 + 79. Let t = i + p. Calculate the highest common factor of t and 8.
4
Suppose 10*f - 14*f = -20. Suppose 5 = -5*k + 2*a + 64, f*k = 5*a + 65. Let s = k + 14. Calculate the highest common divisor of 50 and s.
25
Let o(n) = 4*n**3 - 23*n**2 + 19*n - 144. Let u be o(6). Let p be 6/((4/(-6))/(-1)). What is the greatest common factor of p and u?
3
Let n be 116/20 - (-3)/15. Suppose -13*r + 16*r = n. Calculate the highest common divisor of 18 and r.
2
Suppose -80 = -5*g - 0*g. Suppose 4*a + 4*j = 68, -1559*j + 13 = a - 1562*j. Calculate the greatest common divisor of a and g.
16
Let n(b) = -41*b - 5. Let y be n(-1). Let z = y - 6